e 10, what is -58 + 22792584?
22792526
In base 15, what is -1a64 - 1472?
-2ed6
In base 13, what is -315061 + 370?
-3149c1
In base 7, what is 32404150 - 11?
32404136
In base 4, what is -221310333323022 - 10?
-221310333323032
In base 14, what is 260c + -446?
21a6
In base 14, what is 454d7 - 1?
454d6
In base 13, what is -b5c0a1b2 - 5?
-b5c0a1b7
In base 12, what is -4bb43 - -1a7?
-4b958
In base 8, what is 256 + -155007?
-154531
In base 13, what is 5 - -1c9981?
1c9986
In base 9, what is 154 - -26608?
26763
In base 11, what is 443725 + -10?
443715
In base 11, what is -14a80a1 - -6?
-14a8096
In base 14, what is -333 - c046?
-c379
In base 7, what is -160551 + 10104?
-150444
In base 15, what is -339 - -771?
437
In base 7, what is -344323 - -35?
-344255
In base 9, what is 76366 + 422?
76788
In base 13, what is -a21 - -2345?
1624
In base 13, what is -aa - 20219c?
-202279
In base 13, what is -141992b + 83?
-1419878
In base 3, what is 10 - 112110000022120?
-112110000022110
In base 14, what is -376c7 - -1a?
-376ab
In base 16, what is -46e95e4 + 0?
-46e95e4
In base 12, what is 1a5 - 6703a?
-66a55
In base 9, what is 103258267 + 4?
103258272
In base 7, what is -5 - -5433164260?
5433164252
In base 16, what is 1134 + 746?
187a
In base 2, what is 111010111011001101010111 - -101?
111010111011001101011100
In base 16, what is 1baa72c + 1?
1baa72d
In base 16, what is 66215 + 32?
66247
In base 7, what is 3 + 4154436243?
4154436246
In base 6, what is -133340 + 441?
-132455
In base 9, what is -14360 - 830?
-15300
In base 15, what is -76a - 759b?
-7d16
In base 6, what is 110002403 - -10?
110002413
In base 9, what is 1 - 440035456?
-440035455
In base 15, what is 27512 + -6?
2750b
In base 3, what is -2 + 2112021122220?
2112021122211
In base 15, what is -39 + 498b3?
49879
In base 7, what is -340 + 116520?
116150
In base 14, what is -31 - 168773?
-1687a4
In base 6, what is 1343142014 + 1?
1343142015
In base 14, what is 76190 - -17?
761a7
In base 14, what is 2c18 + -593?
2665
In base 13, what is -3ba53 + 7bc?
-3b264
In base 11, what is 4 + -21071a65?
-21071a61
In base 11, what is 15 - -142a193?
142a1a8
In base 15, what is 32e5da - 0?
32e5da
In base 11, what is -4 - 272a396?
-272a39a
In base 9, what is -1722737 + 112?
-1722625
In base 7, what is -210 + -140366?
-140606
In base 11, what is 2557 + -647?
1a10
In base 5, what is -2 - 11140022332?
-11140022334
In base 4, what is -1213022333 + -11101?
-1213100100
In base 2, what is -101 - -10011101100001011100100?
10011101100001011011111
In base 12, what is 27b70 + 1?
27b71
In base 2, what is 1010100101101101 + -11101010?
1010100010000011
In base 7, what is 311542 + 2231?
314103
In base 4, what is 220333211001 + 10?
220333211011
In base 8, what is 17271347 - -57?
17271426
In base 9, what is 26716504 + -6?
26716487
In base 2, what is 11110010000001000111 + 0?
11110010000001000111
In base 5, what is -4 + 22424330112?
22424330103
In base 4, what is -2122100001 + 20133?
-2122013202
In base 11, what is -288a57 + 1?
-288a56
In base 8, what is 2065 - 5570?
-3503
In base 11, what is -953950 - -2a?
-953921
In base 7, what is 103436 + 10116?
113555
In base 10, what is -409 - -45910?
45501
In base 8, what is 4 - 30613157?
-30613153
In base 10, what is -228026 + -118?
-228144
In base 5, what is 41 - 2131221213?
-2131221122
In base 16, what is -1 + 4ab644c?
4ab644b
In base 15, what is 19 + 10dd1d?
10dd37
In base 8, what is -40546006 - -5?
-40546001
In base 12, what is 9 + -19b61293?
-19b61286
In base 8, what is 757440 - -35?
757475
In base 3, what is -1012010010 + 111220?
-1011121020
In base 10, what is -1335766 - -4?
-1335762
In base 8, what is -41371 - 1562?
-43153
In base 10, what is -663 + -2217?
-2880
In base 6, what is 301 - 3513311?
-3513010
In base 16, what is 5379425 + 0?
5379425
In base 2, what is 1101010100101011111001 - -101?
1101010100101011111110
In base 9, what is 0 + 4855420?
4855420
In base 5, what is 1410 + 10024213?
10031123
In base 12, what is 0 - 7a096706?
-7a096706
In base 11, what is -1a403 - 3767?
-2306a
In base 11, what is -1391 - -35a47?
34666
In base 7, what is 3032566 - -230?
3033126
In base 11, what is 26a16856 + -2?
26a16854
In base 15, what is -5a + -2e43?
-2e9d
In base 6, what is -12023001 + 310?
-12022251
In base 13, what is -3b74c + ab7?
-3a965
In base 7, what is 4 + 533415611?
533415615
In base 13, what is 390475b3 + 4?
390475b7
In base 16, what is 154 - 44d3?
-437f
In base 11, what is -4783004 - -4?
-4783000
In base 12, what is 21753 - 31?
21722
In base 14, what is -33036d - 17?
-330386
In base 14, what is -3a + -cd77?
-cdb3
In base 5, what is -1 + 402111332?
402111331
In base 7, what is 15252206 + -1?
15252205
In base 4, what is -1301003 + -20303232?
-22210301
In base 14, what is 30d - 4b48?
-4839
In base 13, what is -141387cb + -2?
-14138800
In base 10, what is 5 + -88441676?
-88441671
In base 13, what is 95c6c + 231?
961a0
In base 6, what is 23341 + 10003?
33344
In base 12, what is 20499 + -18a1?
1a7b8
In base 15, what is -4 - 577616?
-57761a
In base 10, what is -2 + 65626835?
65626833
In base 8, what is -504364522 - -1?
-504364521
In base 15, what is 115b980 + -5?
115b97a
In base 5, what is 10431 - -134434?
200420
In base 6, what is -252423213 - 3?
-252423220
In base 15, what is -68 + 58a3d?
589c5
In base 6, what is -150431 + 23355?
-123032
In base 5, what is 43442023 - -14202?
44011230
In base 13, what is 46821b65 - 0?
46821b65
In base 3, what is 2011121 - 211001112?
-201212221
In base 2, what is 1000 - -10110000111000011001?
10110000111000100001
In base 5, what is 2400034 + 2031?
2402120
In base 16, what is f9a4a - -7?
f9a51
In base 14, what is 2011 + -c1?
1d30
In base 12, what is 5b34 + 70a5?
11019
In base 10, what is 2211178 + -186?
2210992
In base 12, what is -17 - bb1075?
-bb1090
In base 2, what is -1001111110101000000010100 - 10?
-1001111110101000000010110
In base 14, what is -26acb0 + 4?
-26acaa
In base 6, what is -2113 + -241112?
-243225
In base 9, what is -18314330 + 31?
-18314288
In base 10, what is -141386 + -3621?
-145007
In base 3, what is 1202101 - 12022112?
-10120011
In base 9, what is -5 + 308421444?
308421438
In base 12, what is 196 - -249842?
249a18
In base 4, what is 101332223231 + 13?
101332223310
In base 8, what is 157 + 150304?
150463
In base 15, what is 19bce85 - 1b?
19bce69
In base 7, what is 234461 + -244?
234214
In base 12, what is -1064a + 2036?
-a614
In base 13, what is -151 - 163624?
-163775
In base 9, what is 3 + 212080788?
212080802
In base 2, what is -1 + -1111100001011110001011?
-1111100001011110001100
In base 16, what is -1f152 - 62?
-1f1b4
In base 10, what is -3626630 - -347?
-3626283
In base 13, what is 2a60833 - -2?
2a60835
In base 16, what is -333f3 + 93?
-33360
In base 6, what is 1304324443 - -1?
1304324444
In base 15, what is -3ba - 1234?
-15ee
In base 6, what is 151230102 + -4?
151230054
In base 6, what is 13 - 2020125040?
-2020125023
In base 8, what is 647406 - 1265?
646121
In base 9, what is -14321474 + 4?
-14321470
In base 2, what is 1111011 + -101111110110001111?
-101111110100010100
In base 13, what is -3 - 732941?
-732944
In base 2, what is -110001001 + -1101000100010?
-1101110101011
In base 16, what is 446dcb + -47?
446d84
In base 2, what is 11000101011 + -1010100111000111?
-1010001110011100
In base 7, what is -13154120311 - -1?
-13154120310
In base 16, what is 15 - -2163b?
21650
In base 3, what is 200120 - -1102220020?
1110120210
In base 13, what is 56b982 - 184?
56b7cb
In base 13, what is -2517c79 - 2?
-2517c7b
In base 11, what is 23035 + 7405?
2a43a
In base 16, what is e - f816f?
-f8161
In base 2, what is -1110011010 + -101100010111011?
-101110001010101
In base 11, what is 674691 + -17?
674675
In base 5, what is 243041 - -2142?
300233
In base 11, what is 1 - -241a350?
241a351
In base 12, what is -9 + 817474?
817467
In base 9, what is -1278488 - 4?
-1278503
In base 15, what is -a4ea0 + -db?
-a508b
In base 15, what is -20 - 12922cb?
-12922eb
In base 16, what is -5705ae + 7d?
-570531
In base 9, what is 5 + 660066245?
660066251
In base 11, what is -416440 - 79?
-416509
In base 11, what is 15824 + -21aa?
13625
In base 8, what is -64 + 224304?
224220
In base 9, what is -57367 + 62?
-57305
In base 4, what is -133121002330 - -3?
-133121002321
In base 5, what 